ivisor of 19533 and 867.
51
Calculate the greatest common factor of 20150 and 13.
13
What is the greatest common divisor of 370417 and 4097?
241
What is the greatest common divisor of 177905 and 19320?
805
Calculate the highest common factor of 917 and 83840.
131
What is the highest common factor of 1012 and 56396?
92
Calculate the highest common factor of 4482 and 98438.
166
What is the greatest common factor of 2404596 and 12?
12
What is the greatest common divisor of 13077 and 6?
3
Calculate the greatest common divisor of 188 and 58797.
47
What is the highest common divisor of 768 and 3904?
64
What is the greatest common factor of 3972 and 1965147?
993
What is the greatest common factor of 3480 and 11260?
20
What is the highest common factor of 24 and 662292?
12
Calculate the greatest common divisor of 39 and 145236.
39
Calculate the highest common factor of 2022 and 1398.
6
What is the highest common factor of 56 and 256648?
56
Calculate the highest common divisor of 183 and 923479.
61
Calculate the greatest common divisor of 70256 and 1808.
16
What is the greatest common divisor of 2928284 and 68?
68
What is the greatest common divisor of 23895 and 267705?
405
Calculate the highest common factor of 520 and 2933580.
260
Calculate the greatest common divisor of 689 and 334907.
53
Calculate the greatest common divisor of 926714 and 310.
62
Calculate the highest common factor of 55404 and 216.
108
What is the highest common factor of 15130 and 51?
17
What is the greatest common divisor of 212 and 942234?
106
Calculate the greatest common factor of 130042 and 230.
46
Calculate the highest common factor of 11346 and 186.
186
What is the highest common factor of 7259 and 527?
17
What is the greatest common factor of 3234 and 3311?
77
Calculate the greatest common divisor of 117 and 221481.
117
What is the greatest common divisor of 31 and 7409?
31
Calculate the greatest common divisor of 1105 and 312477.
17
Calculate the highest common factor of 13575 and 24.
3
What is the greatest common factor of 353 and 62?
1
What is the highest common factor of 161566 and 18?
2
Calculate the greatest common factor of 18786 and 1488.
186
What is the highest common factor of 42942 and 34?
34
Calculate the greatest common divisor of 2679 and 14523.
141
What is the greatest common factor of 105 and 596015?
35
Calculate the highest common divisor of 1407 and 1512.
21
What is the highest common factor of 640 and 2547200?
640
Calculate the greatest common factor of 372 and 4154.
62
What is the greatest common divisor of 78 and 115?
1
Calculate the highest common factor of 4900 and 8067850.
2450
Calculate the highest common factor of 966 and 15078.
42
Calculate the highest common divisor of 56321 and 459.
17
Calculate the greatest common factor of 52205 and 530.
265
What is the highest common factor of 32 and 595216?
16
Calculate the greatest common divisor of 13467 and 1608.
201
What is the greatest common factor of 279 and 41788?
31
What is the greatest common factor of 5622 and 220195?
937
Calculate the greatest common factor of 1506 and 191764.
502
Calculate the greatest common divisor of 194828 and 212.
212
What is the highest common factor of 39308 and 716?
4
Calculate the greatest common divisor of 50090 and 10.
10
What is the highest common divisor of 329893 and 47?
47
Calculate the greatest common divisor of 3461845 and 345.
115
Calculate the highest common divisor of 324 and 292086.
162
Calculate the highest common divisor of 170 and 47566.
34
What is the greatest common divisor of 75030 and 1107?
123
Calculate the greatest common factor of 134829 and 3834.
639
Calculate the greatest common factor of 77080 and 16400.
1640
What is the highest common divisor of 2758 and 905806?
394
Calculate the highest common factor of 594 and 149391.
297
What is the greatest common factor of 2 and 16151?
1
What is the highest common factor of 560 and 51730?
70
What is the greatest common factor of 7592 and 624?
104
What is the greatest common factor of 403 and 67?
1
What is the greatest common factor of 772230 and 12?
6
What is the greatest common factor of 264 and 9449?
11
What is the greatest common divisor of 1070009 and 2?
1
Calculate the highest common factor of 152067 and 1903.
173
What is the highest common factor of 86875 and 4170?
695
What is the greatest common factor of 21380 and 40?
20
Calculate the greatest common factor of 5282 and 113702.
278
Calculate the highest common factor of 154956 and 8436.
444
What is the greatest common divisor of 204472 and 3782?
122
Calculate the highest common factor of 157603 and 173.
173
What is the highest common factor of 444 and 113331?
111
Calculate the greatest common factor of 39 and 596869.
13
What is the greatest common divisor of 78831 and 8379?
171
What is the highest common divisor of 14 and 215978?
14
Calculate the highest common factor of 13 and 2656329.
13
What is the greatest common factor of 791 and 458102?
113
Calculate the greatest common factor of 143449 and 259.
37
What is the highest common divisor of 455 and 105014?
91
What is the highest common factor of 1273657 and 278?
139
What is the highest common factor of 1000 and 56125?
125
Calculate the highest common divisor of 128876 and 49764.
1276
Calculate the highest common divisor of 3752 and 203.
7
Calculate the highest common factor of 27681 and 192.
3
Calculate the greatest common divisor of 12 and 14676.
12
What is the greatest common divisor of 27 and 6021?
27
Calculate the highest common factor of 186 and 1501113.
93
What is the greatest common divisor of 7818386 and 76?
38
What is the highest common factor of 412 and 124?
4
Calculate the greatest common factor of 1409627 and 1502.
751
What is the highest common divisor of 1050 and 437700?
150
What is the greatest common divisor of 157 and 404903?
157
Calculate the greatest common factor of 132 and 6612.
12
Calculate the highest common divisor of 6584 and 104.
8
What is the highest common factor of 42 and 15932?
14
What is the greatest common factor of 1745 and 965?
5
What is the highest common factor of 2183 and 88382?
59
What is the greatest common factor of 416 and 6058?
26
Calculate the highest common divisor of 3795 and 836055.
165
What is the greatest common divisor of 2304 and 252?
36
Calculate the greatest common divisor of 10979843 and 163.
163
What is the highest common divisor of 3258 and 67875?
543
Calculate the highest common divisor of 5769 and 288.
9
What is the greatest common factor of 4072400 and 400?
400
What is the highest common factor of 6496 and 101696?
224
Calculate the highest common factor of 53869 and 12566.
103
What is the greatest common factor of 102130 and 210?
70
What is the greatest common divisor of 4608 and 2096?
16
What is the highest common factor of 24 and 4808184?
24
What is the highest common factor of 1057 and 11291?
7
What is the highest common factor of 3052 and 37496?
436
What is the greatest common divisor of 5355 and 57715?
595
Calculate the greatest common factor of 154196 and 56.
28
What is the greatest common divisor of 64 and 74608?
16
Calculate the greatest common divisor of 15086 and 114.
38
What is the highest common factor of 104876 and 12692?
668
What is the highest common factor of 702 and 96408?
234
Calculate the highest common divisor of 12042 and 1561.
223
Calculate the greatest common factor of 747782 and 868.
434
Calculate the greatest common divisor of 7111 and 175587.
547
What is the highest common factor of 39149 and 55?
11
What is the greatest common divisor of 3082 and 1072?
134
Calculate the highest common divisor of 17 and 3161507.
17
What is the highest common factor of 13380 and 10481?
223
Calculate the highest common divisor of 4 and 17942.
2
What is the highest common divisor of 7 and 176218?
7
Calculate the highest common factor of 860 and 44505.
215
What is the highest common factor of 26 and 504166?
26
What is the greatest common divisor of 146972 and 10860?
724
Calculate the highest common divisor of 1176 and 1974.
42
What is the greatest common factor of 2680104 and 7?
7
What is the highest common factor of 242176 and 31992?
344
What is the greatest common factor of 69741 and 1029?
21
What is the highest common factor of